u - 9. Let r be o(20). What is the tens digit of (-3*r/(-18))/((-2)/(-4))?
5
Let x(g) be the first derivative of 2*g**2 + 13*g - 21. Let u be x(-17). Let r = u + 178. What is the units digit of r?
3
Let f(w) = -1812*w - 1326. What is the units digit of f(-16)?
6
Let t be 8 + (6 - 17) - -8. Suppose -t*d = 3*o - 2655, 5*o + 3511 = 9*o - 3*d. What is the tens digit of o?
8
Let k(p) = -p**2 - 1. Let d(i) = 18*i - 27. Let n(c) = -d(c) + k(c). Suppose 0*s = 4*s + 52. What is the tens digit of n(s)?
9
Let u = -12 - -15. Let r(f) = 5*f**2 + 10*f**3 + f**2 - 4*f**2 + u*f - f**2 - 5. What is the units digit of r(2)?
5
Suppose 9*z - 90048 = -19*z. Suppose -7*c = -3*l - 5*c + 2414, 2*c + z = 4*l. What is the units digit of l?
2
Let c(u) = 8*u**2 - 70*u + 1642. What is the tens digit of c(51)?
8
Suppose 3*m = -0*u + 5*u, 2*u + m + 11 = 0. What is the units digit of (-5)/(u*2/144)?
0
Suppose 3*j + 8*y - 28678 = 0, -29*j - 4*y = -30*j + 9586. What is the hundreds digit of j?
5
Let g = 5 + -3. Suppose 6 = g*z, 3*w - 8*w + 5*z = -415. What is the units digit of w?
6
Let f be -8*(15/(-10) + 0). Suppose 8*s + 184 = f*s. Suppose 3*n = n + s. What is the units digit of n?
3
Let h(a) = -192*a**2 - 5*a - 49. Let s(m) = -96*m**2 - 2*m - 25. Let c(p) = -6*h(p) + 11*s(p). What is the units digit of c(-2)?
7
Suppose -55*v = 13*v - 27202 - 610. What is the units digit of v?
9
Suppose 8*o - 11*o = -2076. Suppose -o = -7*s + 799. Suppose -4*h + 535 = 2*g + s, -5*g + 94 = h. What is the units digit of h?
9
Let z = 700 - 13. Let h = 1866 - z. What is the units digit of h?
9
Suppose -4*u - 212528 = -4*f, -5*f + 19*u - 15*u = -265667. What is the ten thousands digit of f?
5
Suppose q - 352 = 3*q - m, -3*m + 522 = -3*q. Let j = 85 - q. What is the hundreds digit of j?
2
Let c = -391 + 3537. Suppose c = 7*w + 1088. What is the hundreds digit of w?
2
Let b(z) = -z + 2. Let c(s) = -14*s - 64. Let x be c(-4). What is the units digit of b(x)?
0
Let a = 17614 - 9817. What is the tens digit of a?
9
Suppose -2*c + 5*a = -0*a - 49, a - 14 = -c. Let l(g) = 10*g + 64. What is the hundreds digit of l(c)?
2
Suppose 10443 + 14395 = 11*j. What is the units digit of j/10 + (-84)/105?
5
Suppose 0 = 2*r + 16 + 34. Let f be (-760)/r*60/8. What is the tens digit of (f/(-16))/3*8*-1?
3
Let y = 7336 - -7792. What is the hundreds digit of y?
1
Let d be (10/6)/(25/75). Suppose 2*o = g + 138, -d*o + 3*g + 85 = -261. What is the tens digit of o?
6
What is the hundreds digit of (-3905 - 72)/(-1*((-15)/9 - -2))?
9
Let z = 93 + 184. Suppose 0*o = -o - w + z, -280 = -o - 2*w. What is the units digit of o?
4
Let a = -590 + 282. Let p = -65 - a. Let d = p + -146. What is the tens digit of d?
9
Let k(v) = -v**3 + 11*v**2 + 13*v - 5. Suppose -120*y = -121*y + 12. Let w be k(y). Suppose 13*t - 3600 = -w*t. What is the units digit of t?
0
Let g(y) = 2*y - 28. Let z be g(16). Suppose -3*m - 3 = -5*k, -2*k = z*m - m + 3. Suppose k = -6*w + 231 - 15. What is the tens digit of w?
3
Let r(i) = 5*i**2 + 3*i - 3. Let m be r(1). What is the units digit of (4/m)/((-1)/(-55))?
4
Let f be (-16)/32*((-5 - -8) + -93). Let c be -8*-17*(-2)/(-4). Suppose -f = -o + c. What is the units digit of o?
3
Let k(o) = 4*o - 15*o**2 + 3*o**2 + 10 + 7*o**2. Let p be k(3). Let w = p - -141. What is the units digit of w?
8
Let x be 1*(-144)/(-4) - (2 - -1). Let r(n) = 15*n**3 - 2*n - 1. Let p be r(-1). Let c = p + x. What is the units digit of c?
9
Let h(l) = -4*l**3 - 180*l**2 - 279. What is the thousands digit of h(-48)?
7
Let t be ((0/(4 + -9))/1)/2. Let w(l) = 3*l - l + 0*l + l**2 + 172. What is the tens digit of w(t)?
7
Let b = 20548 + -10789. What is the tens digit of b?
5
Let a = 1244 + 3355. What is the tens digit of a?
9
What is the thousands digit of -40254*(1 + -20 + 18)?
0
Let r(g) be the first derivative of -68*g**3/3 + 5*g**2/2 + 5*g - 16. Let o be r(-1). Let j = o - -110. What is the units digit of j?
2
What is the hundreds digit of 4949 - -11 - (-9)/(-1)?
9
Let x be (-4)/(16/7 + -2). What is the units digit of (-3462)/x - 18/63?
7
Let c(y) = -175*y**3 - 28*y**2 - 6*y - 47. What is the tens digit of c(-5)?
5
Let v = -232 + 237. Suppose -d = -3*q + 230, -v*q + 3*d + 355 = 7*d. What is the units digit of q?
5
Suppose -a = -1524 - 145. Suppose 0 = u + 4, 0 = -4*k - 5*u + a + 2179. What is the units digit of k?
7
Suppose 41*m + 374992 = 87*m. What is the hundreds digit of m?
1
Let h(n) = -2*n**2 - 7*n - 1. Let k be h(-5). Let l be k/(-12) - 2/(-3). Suppose -l*u + 369 = u. What is the tens digit of u?
2
Suppose -79*c + 1981808 = 454185. What is the ten thousands digit of c?
1
Suppose -5*q = 20, -3*a - 3*q = -7*q + 308. Let u be (-1)/(8/(-6))*(-288)/a. Suppose -5*w + 1013 = 4*y, -3*y + 768 = -w + u*w. What is the tens digit of y?
5
Suppose 2*z - 3*h = 7895 + 3288, 5*z - 5*h = 27955. Suppose -20032 - z = -23*r. What is the units digit of r?
4
Let m(y) = -432*y. Suppose -68*v = -70*v - 2. What is the units digit of m(v)?
2
Let h(c) = -641*c + 51. Let j(w) = 321*w - 25. Let s(f) = 6*h(f) + 11*j(f). What is the units digit of s(-4)?
1
Suppose -3*q + 36*b + 9536 = 38*b, 0 = -2*q + 4*b + 6352. What is the units digit of q?
8
Let w(x) = x**3 + 66*x**2 - 73*x - 32. What is the tens digit of w(-67)?
7
Suppose -15 = -413*c + 412*c. Let b(h) = 6*h - 74. What is the units digit of b(c)?
6
Let r(c) = c**3 - 5*c**2 + 4*c - 31. Suppose 5*w + 3*i = 36, w = 5*i - 7 + 3. What is the tens digit of r(w)?
2
Let z(d) = d**2 + 15*d - 7. Let c be z(-10). Let m = -58 - c. Let y(n) = -78*n. What is the tens digit of y(m)?
7
Let y be (-2)/(-5) - (-2074)/(-10). Let j = -693 - -1000. Let u = j + y. What is the hundreds digit of u?
1
Suppose -3112 = -5*z + 1428. Let m = 88 + z. What is the hundreds digit of m?
9
Let i(l) = -7*l**3 - 4*l**2 - 6*l - 5. Suppose -7 = -5*b - 22. Let m be i(b). Suppose -2*f = -f - m. What is the tens digit of f?
6
Suppose -3*n - n = 36. Let g(z) be the second derivative of -z**3/2 - 13*z**2/2 - 34*z. What is the tens digit of g(n)?
1
Let x be (-52)/(-18) + 6/54. Suppose -x*l = 2*q + 3*q - 1267, q + 409 = l. What is the units digit of l?
4
What is the tens digit of 10/1 - (-7861 + -2 - 10)?
8
Suppose -48*q = -49*q + 32. Suppose -q*n - 3934 = -39*n. What is the units digit of n?
2
Let w(r) = -2*r**2 - 13. Let n be w(5). What is the units digit of (333/(-5))/(-1) + n/105?
6
Suppose 3175 - 1227 = -2*x. Let n = 1519 + x. What is the units digit of n?
5
Let n(o) = -o + 12. Let l be n(2). Suppose 21*r = l*r - 1496. What is the units digit of 15/(-10)*r/12?
7
What is the units digit of (4 - 6) + 18/4*-1*-6718?
9
Let y(d) = -9*d + 1974. Let i be y(0). Suppose 0 = -19*o + 2111 + i. What is the tens digit of o?
1
Let h(a) = -521*a - 9889. What is the ten thousands digit of h(-42)?
1
What is the tens digit of (2 + 2)/((-300)/(-128775))?
1
Let l(b) = 61*b - 2. Let m(x) = -304*x + 10. Let q(r) = 16*l(r) + 3*m(r). Let h(z) = 319*z - 11. Let w(u) = -2*h(u) + 11*q(u). What is the units digit of w(1)?
6
Suppose -353*l - 2864505 + 11201306 = 0. What is the ten thousands digit of l?
2
Suppose 0 = -0*m + 5*m - 75. Let y be m/9 - 2 - (-436)/12. Suppose -i + 9 + y = 0. What is the tens digit of i?
4
Let x(p) = -2*p - 1. Let d be x(-4). Let y(t) = 7*t - 10 - t + d*t + 5*t. What is the tens digit of y(4)?
6
Let x(k) = -26*k + 82. Let b be x(-15). Suppose 7*c + 4*d - b = 5*c, -436 = -2*c + 5*d. What is the units digit of c?
8
Suppose 5*u - 545 = -2*g, 2*u + 3*g - 207 = -0*g. Let l = -14 - -25. Let v = l + u. What is the units digit of v?
2
Let u(v) = 2*v**3 + v**2 - v + 1. Suppose 0 = 33*r - 31*r + 4. Let l be u(r). What is the units digit of 6*(-4)/18*l?
2
Let m = 802 + -798. What is the hundreds digit of (m + 80/(-15))/(6/(-747))?
1
Suppose j - 1744 = -4*c + 893, 2*j + 4*c = 5298. What is the units digit of j?
1
Let c(h) = h**2 - 7*h - 9. Let k be c(8). Let w(o) = 3*o**3 - 4*o - 3. Let v be w(k). Let a = v + 86. What is the tens digit of a?
8
Suppose 5*j = j + 2*d + 376, 2*j - 196 = -d. Let w = -53 + j. Suppose 38*m + 665 = w*m. What is the units digit of m?
3
Suppose 251597 = 31*y - 56822. What is the tens digit of y?
4
Suppose 0 = 43*y - 11*y + 440092 - 1376316. What is the hundreds digit of y?
2
Suppose 178*l - 90*l - 129680 = 78*l. What is the thou